- 8*d + 2767, -559 = -d + 2*j. Is d a composite number?
True
Suppose 19 = 5*j - 1. Let h(y) = 2*y**2 - 4*y - 1. Is h(j) prime?
False
Suppose 35 = -5*o + 5. Let d be ((-4)/o)/(4/(-240)). Let y = 86 + d. Is y a prime number?
False
Let s be 22/(-8) - 3/(-4). Let o be s*5/2*-1. Suppose 0 = 2*j + 2*p - 62, p = -0*j + o*j - 179. Is j prime?
False
Suppose 3*a - 7*a + 4 = 0. Let y be 22 + -1 + a - -2. Let b = 47 - y. Is b a composite number?
False
Let a(r) = r**2 + 40. Let i be a(0). Let q(h) = 5*h**3 + 3*h**2 - 2*h + 1. Let o be q(1). Suppose 0 = -o*n + 3*n + i. Is n a prime number?
False
Suppose -4*n + 0*n + 148 = 0. Is n a composite number?
False
Let r = 0 - -2. Suppose 4 = -r*i, -4*y - 2*i + 74 = 3*i. Is y composite?
True
Let g(w) = w**3 + 8*w**2 - 4*w - 5. Let j be (2 + 1)/((-1)/3). Let y be g(j). Let x = -35 - y. Is x prime?
False
Suppose 0 = 2*o + 2 - 0. Is (-1148)/(-4) + 1 + o composite?
True
Is 1/(-3) + 7 + (-1175)/(-15) a prime number?
False
Let m = -99 + 94. Suppose 32 = -3*c - 22. Let f = m - c. Is f a composite number?
False
Suppose 3*h + 5*t = 2*t + 765, 3*t - 1279 = -5*h. Is h composite?
False
Suppose -5*b = -4*b - 5. Suppose -b*z - 2112 = -5902. Is 4/6 + z/6 a prime number?
True
Let d be -1*1 - (-2484)/12. Suppose 4*a - 17 - 159 = -4*j, 4*j = 2*a + d. Is j prime?
False
Suppose 3*t = -514 - 1274. Let w = t - -1005. Is w a composite number?
False
Let h be (8/16)/((-2)/1252). Let p = h - -572. Is p composite?
True
Is ((-2)/4)/((-2)/268) a prime number?
True
Let v be ((-2)/1)/((-2)/573). Suppose l - 2*s + 0*s = v, -4*l - 3*s = -2314. Is l prime?
True
Let q = -1517 - -4218. Is q a composite number?
True
Let o = 115 - 62. Is o a prime number?
True
Let j = 47 - -246. Is j a prime number?
True
Let x be ((-4)/(-8))/((-2)/(-4)). Is 2*(5 - (-3 + x)) a composite number?
True
Let i(z) = z**3 + 8*z**2 + 3*z + 8. Let w be i(-7). Suppose 4*v + 169 = n + w, n - 161 = -3*v. Is n a composite number?
False
Let p(u) = u**2 - u + 1. Let a(j) = 2*j + 3. Let k(m) = m + 4. Let v(f) = 5*a(f) - 4*k(f). Let i(b) = 2*p(b) - v(b). Is i(5) composite?
False
Let n(i) = 9*i**2 + 0*i**3 + 11*i + 1 + 8 - i**3. Is n(10) prime?
True
Suppose 3*v - 15 = -5*f, 0*v = f + 2*v - 3. Suppose -3*k + f + 3 = 0. Suppose -9 + 73 = k*q - 3*c, 4*c = 5*q - 167. Is q composite?
True
Is 245 + (12 + -5 - 1) a prime number?
True
Let z = -1353 - -2504. Is z composite?
False
Is (3 + 1204/8)*2 prime?
True
Is 8/12*2676/8 prime?
True
Suppose 4*p - 14 = -8*u + 3*u, 2*p = -5*u + 2. Suppose 2*r - 3 = -t, -2*t + p = -r - 2*r. Suppose t*j = 5*s + 68, -3*j - 31 + 119 = -s. Is j a composite number?
False
Let t(p) be the second derivative of -p**4/12 + 13*p**3/6 - 7*p**2/2 - 2*p. Is t(7) a composite number?
True
Let y(b) = -113*b**2 + b + 1. Let x be y(2). Is (x/(-2))/(5/10) prime?
True
Let h(a) = a**3 + a + 259. Is h(0) composite?
True
Let x be (5 - -1)/((-2)/30). Let r = 179 + x. Is r a composite number?
False
Is (1753/(-2))/(-5*(-8)/(-80)) a prime number?
True
Let h(f) = -f**2 + 5*f**3 - 3*f**3 + f + 3 - 3*f**3. Let j be h(0). Suppose 4*o - j*z = 328, 0 = 2*o + 3*z - 96 - 86. Is o composite?
True
Let x = -36 + 67. Is x prime?
True
Suppose -12*o + 10174 = -10*o. Is o prime?
True
Suppose h - 5775 = -54. Suppose -3*c + 1640 = -5*g + h, 2*c + 3264 = 4*g. Is g composite?
True
Suppose -y + 1189 = -4*w + 128, -3183 = -3*y + 3*w. Is y a composite number?
False
Let j(m) = -m**2 - 1. Suppose -5 = 3*v - 8*v + 2*x, -3*v + 3 = 4*x. Let t(p) = 13*p**2 + 2*p + 8. Let y(g) = v*t(g) + 5*j(g). Is y(-2) composite?
False
Suppose -2*g + n = -4*n - 30, -2*g - n = -6. Is (2/g)/((-1)/(-55)) prime?
False
Let t be -3 - 4/(-8)*4. Let h(y) = -84*y + 1. Is h(t) a prime number?
False
Let l = 830 + -408. Is l a prime number?
False
Suppose 0 = 2*r + 3*r - 25. Suppose -r*s + 2*y - y = -461, 3*s + 2*y - 287 = 0. Is s prime?
False
Suppose 3*j = 4*u + 5283, u + 2896 + 2378 = 3*j. Is j a composite number?
True
Is 36773/33 - 4/(-6) a prime number?
False
Suppose -29*d = -22*d - 1477. Is d composite?
False
Let n(z) be the second derivative of -z**5/20 - z**4/2 - 5*z**3/6 + 2*z**2 + 2*z. Let i be n(-4). Is ((-38)/i)/((-2)/(-8)) composite?
False
Let x = -18 - -717. Is x composite?
True
Is 1/5 + 14/5 prime?
True
Suppose -5*s = 5*p + 5, -2*s + 3*s + 4*p - 5 = 0. Let u be ((-6)/s - -3)*9. Suppose u = 5*c - 85. Is c composite?
True
Suppose -25 = -2*b - 3*b. Let l(v) = 5*v + 6. Is l(b) a prime number?
True
Let p = 6 + -3. Suppose -2*r + p*r - 13 = 4*h, 8 = -4*h. Is 3/r - 1392/(-30) composite?
False
Let n be -7 + 4 - (0 - 6). Suppose 0 = n*a - 3, -3*a + 125 = t - 34. Suppose -u - t = -4*h, 4*h - 156 = -2*u + u. Is h prime?
False
Suppose 2*k + 5*g + 5994 = 16387, -25996 = -5*k + g. Is k a prime number?
False
Suppose 4*b - 3*b - 5 = 0. Suppose 3*j - b*j + 447 = 5*r, -87 = -r - j. Is r a composite number?
True
Suppose -4*o = 0, -6*o = -2*t - 3*o + 18. Suppose w + t = -2*w. Let y(l) = l**3 + 4*l**2 + l + 3. Is y(w) composite?
True
Let c(d) = d**2 - d - 1. Let b be c(2). Let j be (0 + 1 + 0)*b. Is (j + 12/(-9))*-261 prime?
False
Let r = -6 + 11. Is 14*(65/2)/r composite?
True
Suppose 0*r = r. Suppose -5*i + 4*h = -53, r*i - 2*h = -5*i + 59. Is i a prime number?
True
Let s be 8*((-159)/(-12) - 2). Let d = s - -41. Is d prime?
True
Suppose -4*r - 5*j + 1642 = 0, -5*j - 1343 - 732 = -5*r. Is r a prime number?
False
Let u(i) = -i**3 + 2*i - 1. Let d be u(2). Let k(q) = 2*q**2 + 7*q + 2. Let j(h) = h**2. Let c(a) = 2*j(a) + k(a). Is c(d) a prime number?
True
Let q(a) = a**3 + 14*a**2 + 9*a - 6. Is q(-13) a prime number?
False
Suppose 0 = 7*d - 4*d - 273. Is d a composite number?
True
Suppose m = 3*p + 193 + 88, 5*m - 1427 = 4*p. Is m prime?
False
Let p = 1331 - 859. Suppose 5*z - p + 182 = 0. Suppose -z = -2*a + 4*k, -a + 59 = a - 3*k. Is a composite?
False
Suppose -5*x + 0*x + 3*l + 4801 = 0, x + 4*l - 951 = 0. Is x a composite number?
True
Let s(o) = -3*o + 3*o - 2*o + 1 + 4*o**3. Let i be s(1). Suppose -2*k - 3*k = 10, i*b - 5*k - 67 = 0. Is b prime?
True
Suppose 0*o + 3*o - 12 = 0. Let h(n) = n**2 - 4*n + 5. Let x be h(o). Suppose c - x = 16. Is c a composite number?
True
Let t = -14 + 201. Is t composite?
True
Let d(f) = 233*f**2 - 1. Let p be d(1). Let i = p + -124. Suppose 2*x - 2*n + 37 = 113, -3*x + n + i = 0. Is x a prime number?
False
Let z(p) = -p**2 - p + 119. Let j be z(0). Let t = -52 + j. Is t prime?
True
Let g(w) = -13*w**3 - 3*w**2 - 2*w - 1. Is g(-2) prime?
False
Let q be 3 - (-2)/((-6)/3). Let p(k) = k - 4. Let w be p(6). Suppose 29 = c + w*d + q*d, 4*c = 2*d + 26. Is c a composite number?
True
Let r(a) = a**3 + 635 - a**2 + 55*a - 55*a. Is r(0) prime?
False
Let y(r) = 5*r**2 + r + 2. Let v be y(-4). Let x = -3 + 6. Suppose x*z + v = 5*a, -2*a - 3*a = 4*z - 71. Is a composite?
True
Let c = -98 - -200. Let z(a) = 2*a**2 - 5*a - 5. Let u be z(-3). Suppose -u = 2*b - c. Is b a composite number?
False
Let u be (-22)/(-6) + (-8)/12. Suppose -d - 110 = -u*d. Is d a prime number?
False
Let l(n) be the third derivative of n**6/120 - 14*n**3/3 - n**2. Let u be l(0). Is u/(-3) - 6/(-9) a prime number?
False
Suppose -5*a - 3*h + 4 = -2, 0 = 3*a - 2*h + 4. Let y(p) = -p**3 + p**2 - p + 161. Is y(a) composite?
True
Is (-9520)/(-25) + 2/10 a prime number?
False
Let t(v) = -4*v - 6. Let d be t(-4). Let k = d + -5. Suppose j - k*j = -28. Is j a composite number?
False
Let k(h) = -6*h + 326. Is k(0) composite?
True
Let t = 315 + 379. Is t composite?
True
Suppose 4*o + 0*o - 3*h - 3406 = 0, 3*h - 2565 = -3*o. Is o prime?
True
Let l(b) = 2*b - 8. Let n be l(4). Suppose -w + 0*w = z - 151, -2*w - 4*z + 306 = n. Is w a composite number?
False
Suppose 7*x - 6 = 3*t + 2*x, -x - 6 = -3*t. Let j(l) be the first derivative of l**4/2 + 5*l**3/3 - 2*l**2 + 2*l + 1. Is j(t) a prime number?
True
Let a = 153 - 89. Suppose -x = -2*i + x + a, x = -2*i + 73. Is i a composite number?
True
Let l(s) = s + 13. Let d be l(-18). Let w(a) = -a**3 - 7*a**2 + 11*a + 4. Let p(v) = -v. Let i(m) = -6*p(m) - w(m). Is i(d) a prime number?
True
Let z(s) = -19*s. Let j(k) = -20*k. Let o(g) = -2*j(g) + 3*z(g). Is o(-2) prime?
False
Let u(r) = r**3 + 9*r**2 + 7*r - 7. Is u(-6) composite?
False
Let n be -2 - (2 + 2 - 10). Suppose -n*y - y + 595 = 0. Is y a prime number?
False
Suppose 4